lse
Suppose 0*r = -r + 7*r. Suppose -4*p = 3*a - 10093, -2524 = -p - r*a - a. Is p composite?
False
Suppose -24*u + 372809 = -88159. Is u a composite number?
False
Let c = -31 - -36. Suppose y = 4*y + c*x - 6522, -4*y = -2*x - 8722. Is y prime?
True
Suppose 25*u - 20*u = 471005. Is u a prime number?
True
Let o(h) = -h - 1. Let v be o(-5). Suppose -10 - v = -2*f. Is f prime?
True
Let f = -31860 - -49507. Is f a composite number?
True
Let v(h) = -1283*h + 55. Is v(-6) a composite number?
False
Let q = 139 + -44. Suppose -c + 330 = q. Is c composite?
True
Let a = -9 - 7. Is (a/(-4))/4 + 162 a prime number?
True
Suppose 3*w = -0*w - 144. Suppose -3*d - 26 = 3*f + 76, 0 = 5*f - 2*d + 135. Let o = f - w. Is o composite?
False
Let o(v) = 170*v**2 - 2*v - 4. Let z be o(-3). Let i = z + -789. Is i a prime number?
True
Let w(b) = 4*b + 2. Let y be w(-13). Is 4/(-10) - 27670/y prime?
False
Let x(i) = -43*i + 4. Let y = 8 + -6. Let s be (y - 1)*(0 + -5). Is x(s) composite?
True
Let s(q) = -5*q + 30. Let b be s(6). Let d(k) be the first derivative of k**3/3 - k**2/2 + 134*k + 2. Is d(b) composite?
True
Let i(a) = -15*a**3 + 25*a**2 + 33*a + 4. Let b(j) = -7*j**3 + 12*j**2 + 16*j + 2. Let h(f) = -9*b(f) + 4*i(f). Is h(7) a composite number?
True
Let k = -3 + 0. Let u = -17 - -13. Is (u/k)/(14/399) prime?
False
Let w(c) = c**2 + 9*c - 10. Let i be (-40)/(-32) - 1/4. Let l(a) = -11*a**3 - a**2 - a + 1. Let q be l(i). Is w(q) composite?
True
Let o = 8 - 4. Suppose -3*x + o*x + 510 = 0. Let a = 817 + x. Is a prime?
True
Let m = -4372 - -12801. Suppose -889 = -6*r + m. Is r composite?
False
Let x = 28 + -20. Let w be 13/3 + x/12. Suppose -99 = -8*n + w*n. Is n composite?
True
Let r(g) = 23*g + 8. Let j be r(6). Suppose 3*f = -z + 12, z + z = 3*f - 12. Suppose -122 - j = -f*s. Is s a prime number?
True
Suppose 0 = -3*i + 19 - 4. Suppose -7*c + i = -2*c. Is (586/4)/(c/2) a prime number?
True
Let y be -1 + (0 + 20 - 0). Suppose -y*n + 7008 = -15*n. Let h = -1235 + n. Is h a composite number?
True
Suppose -10*m + 8 = -8*m. Suppose -q = l + m, 4*l + q = 5*q. Is l/(-7) - (-145)/7 a prime number?
False
Let l = 315 - 187. Let a = l + 375. Suppose 5*u - a = -58. Is u a prime number?
True
Let c be (-472)/(-60) - 6/(-45). Is -222*(-114)/c + 2/(-4) a composite number?
False
Suppose 4*x - 5*t = 2*x + 1550, 0 = 4*t - 16. Is (4 - -3 - 9)/((-2)/x) a prime number?
False
Suppose 0 = -190*p + 195*p - 16495. Is p a prime number?
True
Suppose i = 3*x + 8, 2*i = x + 4 + 2. Suppose -5*z + i = -103. Let c = z + 44. Is c composite?
True
Suppose 0 = -2*y + 4*y - 262. Let r = y - 18. Is r prime?
True
Let c(p) = -1256*p + 435. Is c(-28) a composite number?
False
Let y be ((-67866)/21 - -1) + 8/(-28). Let p = -2038 - y. Is p prime?
True
Suppose -2*l - 2*l - 3*y = -12, l + 4*y = 3. Suppose -3*w + l*v = 2*w - 3770, v + 3760 = 5*w. Is w composite?
False
Let f(v) = -202*v - 47. Is f(-10) prime?
True
Let y = 628 + -407. Suppose -b = -2*z + 159, -3*z + 2*b - 4*b = -y. Is z a prime number?
False
Let y be 8/(-2) - 3*(-4)/6. Is ((-3365)/2)/5*y a prime number?
True
Let y be (1 + -2)/((-2)/4). Suppose -4 - 8 = -5*l - b, -5*l + 21 = -y*b. Suppose 4*c + 62 = h, 5*h - 24 = l*c + 218. Is h prime?
False
Let d be -2 + (6/21)/((-4)/(-56)). Suppose -3*z = 2*l - 1783, 3*z = -4*l - d*z + 3563. Is l composite?
False
Let s be (-48)/32 + 17/2. Suppose -s*m + 8495 = -6632. Is m composite?
False
Let s(y) = -577*y + 11. Let r be s(-3). Suppose -r = -3*l + 5*u - 6*u, 577 = l + 4*u. Is l prime?
False
Let j(y) = -816*y - 1. Suppose -6 = 15*g - 12*g. Is j(g) prime?
False
Suppose 82612 = 16*k - 20732. Is k prime?
False
Suppose 0*t + 3 = t. Suppose -2*x + 7 = -p + t, 12 = 2*x - 3*p. Suppose -2*n = 4*h - 1278, x*n - 633 = -2*h + 5*n. Is h a composite number?
True
Let u be (6/4)/(3/18). Is 1447/u + (20/9 - 2) a composite number?
True
Let u(q) = -182*q + 23. Let m be (4 - 30/3)/1. Is u(m) a composite number?
True
Suppose h = 10 - 13, 2*y + h = 29615. Is y composite?
True
Suppose 0 = -0*a - 14*a + 28. Suppose q + q = -5*u + 2768, u = -a*q + 552. Is u prime?
False
Suppose 56*p + 16404 = 60*p. Is p a composite number?
True
Suppose 4*p = 2*r - p - 35, -3*r = -2*p - 47. Suppose -o + 24688 = r*o. Is o a composite number?
False
Let o be (4/8)/(-1)*166. Let p = o + 404. Is p composite?
True
Is 4*92197/84*(5 + -2) a prime number?
True
Let u(a) = -4*a + a**3 - 10*a**3 + 7*a - 3 - 113*a**3. Is u(-2) prime?
True
Let u(c) = 57*c**2 - 2*c + 8. Let j be u(-5). Suppose -194 = -x + j. Is x a prime number?
True
Suppose -84 = n + 2*n. Is ((-98)/n)/((-1)/(-74)) composite?
True
Suppose r = -2*r + 2*o + 2101, -o = r - 692. Suppose 2981 - r = 4*i. Is i prime?
True
Suppose 0 = 4*g - 5*r + 3*r + 158, -4*g = -5*r + 149. Let q = 28 + -18. Let d = q - g. Is d composite?
True
Let s = -504 + 1324. Suppose 20*w + s = 24*w. Is w prime?
False
Suppose -20 = -5*a - 0, -4*t + a = -4. Suppose -2*r = -3*w + 567 + 2788, -t*r = 3*w - 3335. Is w prime?
False
Suppose -11*p + 2*b - 5534 = -13*p, 0 = 2*p - 5*b - 5534. Is p a composite number?
False
Let j be ((-12)/15)/(2/30). Let g be (-339)/j + 3/(-12). Is (5 - 1)*8491/g a prime number?
True
Let j = 16 - 20. Let g be 1*6/(j + 2). Is 3278/(-33)*g/2 prime?
True
Is ((-27)/54)/(2/(-80572)) a prime number?
True
Let l = -18 + 18. Suppose 5*u + 3*s + 2*s - 2100 = l, 5*s + 414 = u. Is u prime?
True
Suppose 5778 - 651 = k. Is k prime?
False
Let t(n) = 2*n + 58. Let o(p) = -p - 39. Let b(x) = 7*o(x) + 5*t(x). Let q be b(-5). Suppose q*a - 4*a = -506. Is a a prime number?
False
Let d(u) = -18*u + 33*u - 11 - 23*u + 17*u**2. Is d(-4) prime?
True
Let p(l) = 89*l**2 + 4*l + 2. Let n be p(-4). Is ((-2)/(-4))/(3/n) a composite number?
True
Suppose 0*i - 4*i = -4. Let f be ((-2)/3)/(i/(-306)). Suppose 0 = -3*r + 435 + f. Is r composite?
True
Is (406/(-5 - 9))/((-2)/4358) composite?
True
Let s(x) = -34*x + 9. Let i(j) = -2*j**3 + 4*j**2 - 4*j + 3. Let c be i(2). Is s(c) a prime number?
True
Let h(y) be the third derivative of 7*y**5/12 + y**4/24 - y**3/2 - 5*y**2. Is h(2) composite?
False
Suppose -4*i + 10 + 10 = 3*g, -4*g - 10 = -2*i. Suppose 7*n - 13*n + 1302 = g. Is n a prime number?
False
Let x = -930 - -1311. Suppose -18*c + 21*c = x. Is c prime?
True
Let s(j) = 0 + 15 + 2*j + j**2 + 0*j**2 - 1. Let d be s(-14). Let b = 21 + d. Is b a prime number?
False
Let m be (-1)/(-3) - (-28)/6. Suppose -3*t = -m*t - u - 11, -2*u = -10. Let b(z) = -z**3 - 8*z**2 - 3*z + 2. Is b(t) composite?
True
Let t = 1483 + -793. Let b = t - 55. Is b composite?
True
Suppose -74*k = -70*k - 1772. Is k a composite number?
False
Suppose -3*j + 5*n - 3038 = -0*j, -n = j + 1010. Let t = -424 - j. Is t a prime number?
True
Is (-81 + 80)/(1/(-24133)) a composite number?
False
Let o(l) = 49*l - 4. Let b be o(3). Let j be b/55 - 2/(-5). Suppose -j*q + 1876 = q. Is q a composite number?
True
Let o be (-2 + 0 + -1)/(-4 - -5). Is -2 + o + 150/(-1)*-17 a composite number?
True
Let n = -199 - -293. Let h(m) = -3*m + n*m**2 - 5 + 7 + 2*m - 3. Is h(-1) a prime number?
False
Let x(m) = -m**2 - 13*m - 9. Let z be x(-12). Suppose f - 2533 = -5*r - 0*r, z*r - 3 = 0. Let c = -1351 + f. Is c prime?
False
Let v(g) = -g**2 + 2*g - 100. Let m(z) = 4*z**2 - 6*z + 299. Let p(s) = -2*m(s) - 7*v(s). Let b be p(0). Suppose -b = -0*a - 3*a. Is a a prime number?
False
Let i(c) = c**3 - 6*c**2 - 7*c + 3. Let l(u) = -2*u**3 + 13*u**2 + 15*u - 6. Let o = -10 - -17. Let w(j) = o*i(j) + 3*l(j). Is w(5) a prime number?
False
Let t(r) = -1348*r - 129. Is t(-20) a composite number?
True
Let u be 2 + 2/(-2) + -8. Let n = u + 11. Suppose -192 - 86 = -n*y + 2*f, 5*y - 370 = -5*f. Is y composite?
False
Suppose 3*f + 160 + 89 = 0. Let w(k) = 15*k + 43. Let m be w(9). Let g = f + m. Is g a composite number?
True
Suppose -152012 - 584112 = -4*h. Is h prime?
True
Let g(v) = -v + 4*v - 4*v - 2. Let h be g(-4). Suppose -h*u + 123 + 55 = 0. Is u a composite number?
False
Suppose 0 = 5*u + 4*q + 18, 3*q = -2*u - 10 - 0. Suppose 13*r + 96 = 15*r. Let g = u + r. Is g prime?
False
Let d(x) = -x**3 - 6*x**2 - 6*x - 1. Let h be d(-4). Is (-12)/(-4)*(-807)/h prime?
True
Let r(u) = -1032*u + 7. Is r(-7) a prime number?
False
Is (0 - -1)*(-10 + 651) prime?
True
Let q(p) = -p**2 + 4*p + 7. Let i be q(5). Suppo